{"id":1083,"date":"2018-05-08T07:27:59","date_gmt":"2018-05-08T07:27:59","guid":{"rendered":"https:\/\/unity.com.co\/tintas-y-barnices\/?page_id=1083"},"modified":"2022-01-31T08:52:56","modified_gmt":"2022-01-31T13:52:56","slug":"about-us","status":"publish","type":"page","link":"https:\/\/unity.com.co\/tintas-y-barnices\/about-us\/","title":{"rendered":"quien en UNITY INK"},"content":{"rendered":"\t\t<div data-elementor-type=\"wp-post\" data-elementor-id=\"1083\" class=\"elementor elementor-1083\" data-elementor-post-type=\"page\">\n\t\t\t\t\t\t\t\t\t<section class=\"elementor-section elementor-top-section elementor-element elementor-element-9a8a463 elementor-section-boxed elementor-section-height-default elementor-section-height-default\" data-id=\"9a8a463\" data-element_type=\"section\" data-settings=\"{&quot;background_background&quot;:&quot;classic&quot;}\">\n\t\t\t\t\t\t<div class=\"elementor-container elementor-column-gap-default\">\n\t\t\t\t\t<div class=\"elementor-column elementor-col-50 elementor-top-column elementor-element elementor-element-1b21cc4\" data-id=\"1b21cc4\" data-element_type=\"column\">\n\t\t\t<div class=\"elementor-widget-wrap elementor-element-populated\">\n\t\t\t\t\t\t\t\t<div class=\"elementor-element elementor-element-256b142 elementor-widget elementor-widget-image\" data-id=\"256b142\" data-element_type=\"widget\" data-widget_type=\"image.default\">\n\t\t\t\t<div class=\"elementor-widget-container\">\n\t\t\t\t\t\t\t\t\t\t\t\t\t\t\t<img decoding=\"async\" width=\"840\" height=\"632\" src=\"https:\/\/unity.com.co\/tintas-y-barnices\/wp-content\/uploads\/2020\/09\/unity.jpg\" class=\"attachment-large size-large wp-image-2211\" alt=\"unity\" srcset=\"https:\/\/unity.com.co\/tintas-y-barnices\/wp-content\/uploads\/2020\/09\/unity.jpg 840w, https:\/\/unity.com.co\/tintas-y-barnices\/wp-content\/uploads\/2020\/09\/unity-600x451.jpg 600w, https:\/\/unity.com.co\/tintas-y-barnices\/wp-content\/uploads\/2020\/09\/unity-768x578.jpg 768w\" sizes=\"(max-width: 840px) 100vw, 840px\" \/>\t\t\t\t\t\t\t\t\t\t\t\t\t\t\t<\/div>\n\t\t\t\t<\/div>\n\t\t\t\t\t<\/div>\n\t\t<\/div>\n\t\t\t\t<div class=\"elementor-column elementor-col-50 elementor-top-column elementor-element elementor-element-414b710\" data-id=\"414b710\" data-element_type=\"column\">\n\t\t\t<div class=\"elementor-widget-wrap elementor-element-populated\">\n\t\t\t\t\t\t\t\t<div class=\"elementor-element elementor-element-5ce8cd8 elementor-widget elementor-widget-xs-heading\" data-id=\"5ce8cd8\" data-element_type=\"widget\" data-widget_type=\"xs-heading.default\">\n\t\t\t\t<div class=\"elementor-widget-container\">\n\t\t\t<div class=\"xs-about-content\">\n                    <h2 class=\"xs-heading-sub\">Nuestra Visi\u00f3n<\/h2>\n                            <h3 class=\"xs-heading-title\">Compa\u00f1\u00eda No.1 en la regi\u00f3n<\/h3>\n                            <p class=\"lead\">Suministrar soluciones para la industria gr\u00e1fica que superen las expectativas de nuestros clientes, con productos de calidad, respaldo permanente y un equipo humano altamente calificado, buscando el beneficio de nuestros clientes, proveedores, colaboradores y accionistas, velando por el cuidado del medio ambiente y nuestro entorno.<\/p>\n                    <span class=\"xs-watermark-text\">VISION<\/span>\n    <\/div>\n\t\t<\/div>\n\t\t\t\t<\/div>\n\t\t\t\t<div class=\"elementor-element elementor-element-0206643 elementor-icon-list--layout-traditional elementor-list-item-link-full_width elementor-widget elementor-widget-icon-list\" data-id=\"0206643\" data-element_type=\"widget\" data-widget_type=\"icon-list.default\">\n\t\t\t\t<div class=\"elementor-widget-container\">\n\t\t\t\t\t<ul class=\"elementor-icon-list-items\">\n\t\t\t\t\t\t\t<li class=\"elementor-icon-list-item\">\n\t\t\t\t\t\t\t\t\t\t\t<span class=\"elementor-icon-list-icon\">\n\t\t\t\t\t\t\t<i aria-hidden=\"true\" class=\"fas fa-check\"><\/i>\t\t\t\t\t\t<\/span>\n\t\t\t\t\t\t\t\t\t\t<span class=\"elementor-icon-list-text\">Innovar de manera creible<\/span>\n\t\t\t\t\t\t\t\t\t<\/li>\n\t\t\t\t\t\t<\/ul>\n\t\t\t\t<\/div>\n\t\t\t\t<\/div>\n\t\t\t\t\t<\/div>\n\t\t<\/div>\n\t\t\t\t\t\t\t<\/div>\n\t\t<\/section>\n\t\t\t\t<section class=\"elementor-section elementor-top-section elementor-element elementor-element-99aade1 elementor-section-boxed elementor-section-height-default elementor-section-height-default\" data-id=\"99aade1\" data-element_type=\"section\" data-settings=\"{&quot;background_background&quot;:&quot;classic&quot;}\">\n\t\t\t\t\t\t<div class=\"elementor-container elementor-column-gap-default\">\n\t\t\t\t\t<div class=\"elementor-column elementor-col-50 elementor-top-column elementor-element elementor-element-5c50e68\" data-id=\"5c50e68\" data-element_type=\"column\">\n\t\t\t<div class=\"elementor-widget-wrap elementor-element-populated\">\n\t\t\t\t\t\t\t\t<div class=\"elementor-element elementor-element-9e0ee85 elementor-widget elementor-widget-xs-heading\" data-id=\"9e0ee85\" data-element_type=\"widget\" data-widget_type=\"xs-heading.default\">\n\t\t\t\t<div class=\"elementor-widget-container\">\n\t\t\t<div class=\"xs-about-content\">\n                    <h2 class=\"xs-heading-sub\">Nuestra Misi\u00f3n<\/h2>\n                            <h3 class=\"xs-heading-title\">Expertos en la Categor\u00eda<\/h3>\n                            <p class=\"lead\">Ser una empresa l\u00edder en la generaci\u00f3n de soluciones efectivas e innovadoras para la industria gr\u00e1fica, con presencia a nivel nacional y ampliamente reconocida en el sector por su calidad, respaldo, excelente atenci\u00f3n al cliente y soporte t\u00e9cnico.<\/p>\n                    <span class=\"xs-watermark-text\">VISION<\/span>\n    <\/div>\n\t\t<\/div>\n\t\t\t\t<\/div>\n\t\t\t\t\t<\/div>\n\t\t<\/div>\n\t\t\t\t<div class=\"elementor-column elementor-col-50 elementor-top-column elementor-element elementor-element-81c01dc\" data-id=\"81c01dc\" data-element_type=\"column\">\n\t\t\t<div class=\"elementor-widget-wrap elementor-element-populated\">\n\t\t\t\t\t\t\t\t<div class=\"elementor-element elementor-element-ae2f190 elementor-widget elementor-widget-image\" data-id=\"ae2f190\" data-element_type=\"widget\" data-widget_type=\"image.default\">\n\t\t\t\t<div class=\"elementor-widget-container\">\n\t\t\t\t\t\t\t\t\t\t\t\t\t\t\t<img decoding=\"async\" width=\"840\" height=\"632\" src=\"https:\/\/unity.com.co\/tintas-y-barnices\/wp-content\/uploads\/2020\/09\/unity.jpg\" class=\"attachment-large size-large wp-image-2211\" alt=\"unity\" srcset=\"https:\/\/unity.com.co\/tintas-y-barnices\/wp-content\/uploads\/2020\/09\/unity.jpg 840w, https:\/\/unity.com.co\/tintas-y-barnices\/wp-content\/uploads\/2020\/09\/unity-600x451.jpg 600w, https:\/\/unity.com.co\/tintas-y-barnices\/wp-content\/uploads\/2020\/09\/unity-768x578.jpg 768w\" sizes=\"(max-width: 840px) 100vw, 840px\" \/>\t\t\t\t\t\t\t\t\t\t\t\t\t\t\t<\/div>\n\t\t\t\t<\/div>\n\t\t\t\t\t<\/div>\n\t\t<\/div>\n\t\t\t\t\t\t\t<\/div>\n\t\t<\/section>\n\t\t\t\t<section class=\"elementor-section elementor-top-section elementor-element elementor-element-6342a58 elementor-section-boxed elementor-section-height-default elementor-section-height-default\" data-id=\"6342a58\" data-element_type=\"section\">\n\t\t\t\t\t\t<div class=\"elementor-container elementor-column-gap-default\">\n\t\t\t\t\t<div class=\"elementor-column elementor-col-33 elementor-top-column elementor-element elementor-element-9d91de4\" data-id=\"9d91de4\" data-element_type=\"column\">\n\t\t\t<div class=\"elementor-widget-wrap elementor-element-populated\">\n\t\t\t\t\t\t\t\t<div class=\"elementor-element elementor-element-93a7565 elementor-widget elementor-widget-image\" data-id=\"93a7565\" data-element_type=\"widget\" data-widget_type=\"image.default\">\n\t\t\t\t<div class=\"elementor-widget-container\">\n\t\t\t\t\t\t\t\t\t\t\t\t\t\t\t<img decoding=\"async\" width=\"356\" height=\"356\" src=\"https:\/\/unity.com.co\/tintas-y-barnices\/wp-content\/uploads\/2020\/09\/logoUnityColombia.png\" class=\"attachment-large size-large wp-image-2131\" alt=\"logoUnityColombia\" srcset=\"https:\/\/unity.com.co\/tintas-y-barnices\/wp-content\/uploads\/2020\/09\/logoUnityColombia.png 356w, https:\/\/unity.com.co\/tintas-y-barnices\/wp-content\/uploads\/2020\/09\/logoUnityColombia-300x300.png 300w, https:\/\/unity.com.co\/tintas-y-barnices\/wp-content\/uploads\/2020\/09\/logoUnityColombia-100x100.png 100w, https:\/\/unity.com.co\/tintas-y-barnices\/wp-content\/uploads\/2020\/09\/logoUnityColombia-350x350.png 350w, https:\/\/unity.com.co\/tintas-y-barnices\/wp-content\/uploads\/2020\/09\/logoUnityColombia-150x150.png 150w\" sizes=\"(max-width: 356px) 100vw, 356px\" \/>\t\t\t\t\t\t\t\t\t\t\t\t\t\t\t<\/div>\n\t\t\t\t<\/div>\n\t\t\t\t\t<\/div>\n\t\t<\/div>\n\t\t\t\t<div class=\"elementor-column elementor-col-66 elementor-top-column elementor-element elementor-element-fea650e\" data-id=\"fea650e\" data-element_type=\"column\">\n\t\t\t<div class=\"elementor-widget-wrap elementor-element-populated\">\n\t\t\t\t\t\t\t\t<div class=\"elementor-element elementor-element-a489178 elementor-widget elementor-widget-xs-heading\" data-id=\"a489178\" data-element_type=\"widget\" data-widget_type=\"xs-heading.default\">\n\t\t\t\t<div class=\"elementor-widget-container\">\n\t\t\t<div class=\"xs-about-content\">\n                    <h2 class=\"xs-heading-sub\">Nuestra Historia<\/h2>\n                            <h3 class=\"xs-heading-title\">POL\u00cdTICA DE SEGURIDAD Y SALUD OCUPACIONAL EN EL TRABAJO<\/h3>\n                            <p class=\"lead\">En UNITY INK COLOMBIA S.A.S. nuestro talento humano es uno de nuestros pilares fundamentales para nuestra gesti\u00f3n. Por ello nuestro objetivo es velar por la seguridad de nuestros colaboradores y visitantes, para lo cual contamos con las siguientes directrices:\n\nCumplir con la normativa vigente relacionada a la seguridad y salud en el trabajo.\nGarantizar las condiciones optimas para que nuestros colaboradores puedan ejercer sus funciones.\nIdentificar y controlar los riesgos en nuestras instalaciones.\nEvaluar peri\u00f3dicamente el estado de salud de nuestros colaboradores.\nSocializar y difundir todos los aspectos relacionados a nuestro Sistema de Seguridad y salud en el trabajo.\nMejorar continuamente nuestro Sistema de Seguridad y salud en el trabajo.<\/p>\n                    <span class=\"xs-watermark-text\">HISTORY<\/span>\n    <\/div>\n\t\t<\/div>\n\t\t\t\t<\/div>\n\t\t\t\t<section class=\"elementor-section elementor-inner-section elementor-element elementor-element-7440e82 elementor-section-boxed elementor-section-height-default elementor-section-height-default\" data-id=\"7440e82\" data-element_type=\"section\">\n\t\t\t\t\t\t<div class=\"elementor-container elementor-column-gap-default\">\n\t\t\t\t\t<div class=\"elementor-column elementor-col-33 elementor-inner-column elementor-element elementor-element-81e3008\" data-id=\"81e3008\" data-element_type=\"column\">\n\t\t\t<div class=\"elementor-widget-wrap elementor-element-populated\">\n\t\t\t\t\t\t\t\t<div class=\"elementor-element elementor-element-ab3eeb1 elementor-widget elementor-widget-xs-heading\" data-id=\"ab3eeb1\" data-element_type=\"widget\" data-widget_type=\"xs-heading.default\">\n\t\t\t\t<div class=\"elementor-widget-container\">\n\t\t\t    <h2 class=\"xs-heading-sub\">7<\/h2>\n<h3 class=\"xs-heading-title\">A\u00f1os de experiencia<\/h3>\n\t\t<\/div>\n\t\t\t\t<\/div>\n\t\t\t\t\t<\/div>\n\t\t<\/div>\n\t\t\t\t<div class=\"elementor-column elementor-col-33 elementor-inner-column elementor-element elementor-element-1379ffb\" data-id=\"1379ffb\" data-element_type=\"column\">\n\t\t\t<div class=\"elementor-widget-wrap elementor-element-populated\">\n\t\t\t\t\t\t\t\t<div class=\"elementor-element elementor-element-59a1801 elementor-widget elementor-widget-xs-heading\" data-id=\"59a1801\" data-element_type=\"widget\" data-widget_type=\"xs-heading.default\">\n\t\t\t\t<div class=\"elementor-widget-container\">\n\t\t\t    <h2 class=\"xs-heading-sub\"> \n200<\/h2>\n<h3 class=\"xs-heading-title\">Clientes felices<\/h3>\n\t\t<\/div>\n\t\t\t\t<\/div>\n\t\t\t\t\t<\/div>\n\t\t<\/div>\n\t\t\t\t<div class=\"elementor-column elementor-col-33 elementor-inner-column elementor-element elementor-element-d249fbc\" data-id=\"d249fbc\" data-element_type=\"column\">\n\t\t\t<div class=\"elementor-widget-wrap elementor-element-populated\">\n\t\t\t\t\t\t\t\t<div class=\"elementor-element elementor-element-c90255d elementor-widget elementor-widget-xs-heading\" data-id=\"c90255d\" data-element_type=\"widget\" data-widget_type=\"xs-heading.default\">\n\t\t\t\t<div class=\"elementor-widget-container\">\n\t\t\t    <h2 class=\"xs-heading-sub\">100%<\/h2>\n<h3 class=\"xs-heading-title\">Clientes satisfechos<\/h3>\n\t\t<\/div>\n\t\t\t\t<\/div>\n\t\t\t\t\t<\/div>\n\t\t<\/div>\n\t\t\t\t\t\t\t<\/div>\n\t\t<\/section>\n\t\t\t\t\t<\/div>\n\t\t<\/div>\n\t\t\t\t\t\t\t<\/div>\n\t\t<\/section>\n\t\t\t\t<section class=\"elementor-section elementor-top-section elementor-element elementor-element-1858e0e elementor-section-boxed elementor-section-height-default elementor-section-height-default\" data-id=\"1858e0e\" data-element_type=\"section\" data-settings=\"{&quot;background_background&quot;:&quot;classic&quot;}\">\n\t\t\t\t\t\t<div class=\"elementor-container elementor-column-gap-default\">\n\t\t\t\t\t<div class=\"elementor-column elementor-col-50 elementor-top-column elementor-element elementor-element-d7f843f\" data-id=\"d7f843f\" data-element_type=\"column\">\n\t\t\t<div class=\"elementor-widget-wrap elementor-element-populated\">\n\t\t\t\t\t\t\t\t<div class=\"elementor-element elementor-element-4089852 elementor-widget elementor-widget-xs-heading\" data-id=\"4089852\" data-element_type=\"widget\" data-widget_type=\"xs-heading.default\">\n\t\t\t\t<div class=\"elementor-widget-container\">\n\t\t\t<div class=\"xs-about-content\">\n                    <h2 class=\"xs-heading-sub\">Corporativos<\/h2>\n                            <h3 class=\"xs-heading-title\">Nuestros Valores<\/h3>\n                            <span class=\"xs-watermark-text\">VISION<\/span>\n    <\/div>\n\t\t<\/div>\n\t\t\t\t<\/div>\n\t\t\t\t<div class=\"elementor-element elementor-element-ca6441c elementor-icon-list--layout-traditional elementor-list-item-link-full_width elementor-widget elementor-widget-icon-list\" data-id=\"ca6441c\" data-element_type=\"widget\" data-widget_type=\"icon-list.default\">\n\t\t\t\t<div class=\"elementor-widget-container\">\n\t\t\t\t\t<ul class=\"elementor-icon-list-items\">\n\t\t\t\t\t\t\t<li class=\"elementor-icon-list-item\">\n\t\t\t\t\t\t\t\t\t\t\t<span class=\"elementor-icon-list-icon\">\n\t\t\t\t\t\t\t<i aria-hidden=\"true\" class=\"fas fa-check\"><\/i>\t\t\t\t\t\t<\/span>\n\t\t\t\t\t\t\t\t\t\t<span class=\"elementor-icon-list-text\">Respeto<\/span>\n\t\t\t\t\t\t\t\t\t<\/li>\n\t\t\t\t\t\t\t\t<li class=\"elementor-icon-list-item\">\n\t\t\t\t\t\t\t\t\t\t\t<span class=\"elementor-icon-list-icon\">\n\t\t\t\t\t\t\t<i aria-hidden=\"true\" class=\"fas fa-check\"><\/i>\t\t\t\t\t\t<\/span>\n\t\t\t\t\t\t\t\t\t\t<span class=\"elementor-icon-list-text\">Honestidad<\/span>\n\t\t\t\t\t\t\t\t\t<\/li>\n\t\t\t\t\t\t\t\t<li class=\"elementor-icon-list-item\">\n\t\t\t\t\t\t\t\t\t\t\t<span class=\"elementor-icon-list-icon\">\n\t\t\t\t\t\t\t<i aria-hidden=\"true\" class=\"fas fa-check\"><\/i>\t\t\t\t\t\t<\/span>\n\t\t\t\t\t\t\t\t\t\t<span class=\"elementor-icon-list-text\">Atenci\u00f3n al cliente<\/span>\n\t\t\t\t\t\t\t\t\t<\/li>\n\t\t\t\t\t\t\t\t<li class=\"elementor-icon-list-item\">\n\t\t\t\t\t\t\t\t\t\t\t<span class=\"elementor-icon-list-icon\">\n\t\t\t\t\t\t\t<i aria-hidden=\"true\" class=\"fas fa-check\"><\/i>\t\t\t\t\t\t<\/span>\n\t\t\t\t\t\t\t\t\t\t<span class=\"elementor-icon-list-text\">Profesionalismo<\/span>\n\t\t\t\t\t\t\t\t\t<\/li>\n\t\t\t\t\t\t\t\t<li class=\"elementor-icon-list-item\">\n\t\t\t\t\t\t\t\t\t\t\t<span class=\"elementor-icon-list-icon\">\n\t\t\t\t\t\t\t<i aria-hidden=\"true\" class=\"fas fa-check\"><\/i>\t\t\t\t\t\t<\/span>\n\t\t\t\t\t\t\t\t\t\t<span class=\"elementor-icon-list-text\">Puntualidad<\/span>\n\t\t\t\t\t\t\t\t\t<\/li>\n\t\t\t\t\t\t\t\t<li class=\"elementor-icon-list-item\">\n\t\t\t\t\t\t\t\t\t\t\t<span class=\"elementor-icon-list-icon\">\n\t\t\t\t\t\t\t<i aria-hidden=\"true\" class=\"fas fa-check\"><\/i>\t\t\t\t\t\t<\/span>\n\t\t\t\t\t\t\t\t\t\t<span class=\"elementor-icon-list-text\">Innovaci\u00f3n<\/span>\n\t\t\t\t\t\t\t\t\t<\/li>\n\t\t\t\t\t\t\t\t<li class=\"elementor-icon-list-item\">\n\t\t\t\t\t\t\t\t\t\t\t<span class=\"elementor-icon-list-icon\">\n\t\t\t\t\t\t\t<i aria-hidden=\"true\" class=\"fas fa-check\"><\/i>\t\t\t\t\t\t<\/span>\n\t\t\t\t\t\t\t\t\t\t<span class=\"elementor-icon-list-text\">Trabajo en equipo <\/span>\n\t\t\t\t\t\t\t\t\t<\/li>\n\t\t\t\t\t\t\t\t<li class=\"elementor-icon-list-item\">\n\t\t\t\t\t\t\t\t\t\t\t<span class=\"elementor-icon-list-icon\">\n\t\t\t\t\t\t\t<i aria-hidden=\"true\" class=\"fas fa-check\"><\/i>\t\t\t\t\t\t<\/span>\n\t\t\t\t\t\t\t\t\t\t<span class=\"elementor-icon-list-text\">Responsabilidad social<\/span>\n\t\t\t\t\t\t\t\t\t<\/li>\n\t\t\t\t\t\t\t\t<li class=\"elementor-icon-list-item\">\n\t\t\t\t\t\t\t\t\t\t\t<span class=\"elementor-icon-list-icon\">\n\t\t\t\t\t\t\t<i aria-hidden=\"true\" class=\"fas fa-check\"><\/i>\t\t\t\t\t\t<\/span>\n\t\t\t\t\t\t\t\t\t\t<span class=\"elementor-icon-list-text\">Talento Humano<\/span>\n\t\t\t\t\t\t\t\t\t<\/li>\n\t\t\t\t\t\t<\/ul>\n\t\t\t\t<\/div>\n\t\t\t\t<\/div>\n\t\t\t\t\t<\/div>\n\t\t<\/div>\n\t\t\t\t<div class=\"elementor-column elementor-col-50 elementor-top-column elementor-element elementor-element-67b5882\" data-id=\"67b5882\" data-element_type=\"column\">\n\t\t\t<div class=\"elementor-widget-wrap elementor-element-populated\">\n\t\t\t\t\t\t\t\t<div class=\"elementor-element elementor-element-c3a0c58 elementor-widget elementor-widget-image\" data-id=\"c3a0c58\" data-element_type=\"widget\" data-widget_type=\"image.default\">\n\t\t\t\t<div class=\"elementor-widget-container\">\n\t\t\t\t\t\t\t\t\t\t\t\t\t\t\t<img decoding=\"async\" width=\"840\" height=\"632\" src=\"https:\/\/unity.com.co\/tintas-y-barnices\/wp-content\/uploads\/2020\/09\/unity.jpg\" class=\"attachment-large size-large wp-image-2211\" alt=\"unity\" srcset=\"https:\/\/unity.com.co\/tintas-y-barnices\/wp-content\/uploads\/2020\/09\/unity.jpg 840w, https:\/\/unity.com.co\/tintas-y-barnices\/wp-content\/uploads\/2020\/09\/unity-600x451.jpg 600w, https:\/\/unity.com.co\/tintas-y-barnices\/wp-content\/uploads\/2020\/09\/unity-768x578.jpg 768w\" sizes=\"(max-width: 840px) 100vw, 840px\" \/>\t\t\t\t\t\t\t\t\t\t\t\t\t\t\t<\/div>\n\t\t\t\t<\/div>\n\t\t\t\t\t<\/div>\n\t\t<\/div>\n\t\t\t\t\t\t\t<\/div>\n\t\t<\/section>\n\t\t\t\t\t\t\t<\/div>\n\t\t","protected":false},"excerpt":{"rendered":"<p>Nuestra Visi\u00f3n Compa\u00f1\u00eda No.1 en la regi\u00f3n Suministrar soluciones para la industria gr\u00e1fica que superen las expectativas de nuestros clientes, con productos de calidad, respaldo permanente y un equipo humano altamente calificado, buscando el beneficio de nuestros clientes, proveedores, colaboradores y accionistas, velando por el cuidado del medio ambiente y nuestro entorno. VISION Innovar de [&hellip;]<\/p>\n","protected":false},"author":1,"featured_media":0,"parent":0,"menu_order":0,"comment_status":"closed","ping_status":"closed","template":"template\/template-full-width.php","meta":{"_joinchat":[],"footnotes":""},"class_list":["post-1083","page","type-page","status-publish","hentry"],"_links":{"self":[{"href":"https:\/\/unity.com.co\/tintas-y-barnices\/wp-json\/wp\/v2\/pages\/1083","targetHints":{"allow":["GET"]}}],"collection":[{"href":"https:\/\/unity.com.co\/tintas-y-barnices\/wp-json\/wp\/v2\/pages"}],"about":[{"href":"https:\/\/unity.com.co\/tintas-y-barnices\/wp-json\/wp\/v2\/types\/page"}],"author":[{"embeddable":true,"href":"https:\/\/unity.com.co\/tintas-y-barnices\/wp-json\/wp\/v2\/users\/1"}],"replies":[{"embeddable":true,"href":"https:\/\/unity.com.co\/tintas-y-barnices\/wp-json\/wp\/v2\/comments?post=1083"}],"version-history":[{"count":38,"href":"https:\/\/unity.com.co\/tintas-y-barnices\/wp-json\/wp\/v2\/pages\/1083\/revisions"}],"predecessor-version":[{"id":2589,"href":"https:\/\/unity.com.co\/tintas-y-barnices\/wp-json\/wp\/v2\/pages\/1083\/revisions\/2589"}],"wp:attachment":[{"href":"https:\/\/unity.com.co\/tintas-y-barnices\/wp-json\/wp\/v2\/media?parent=1083"}],"curies":[{"name":"wp","href":"https:\/\/api.w.org\/{rel}","templated":true}]}}