{"id":2527,"date":"2021-04-27T11:28:36","date_gmt":"2021-04-27T16:28:36","guid":{"rendered":"https:\/\/unity.com.co\/tintas-y-barnices\/?post_type=product&#038;p=2527"},"modified":"2021-04-27T11:51:52","modified_gmt":"2021-04-27T16:51:52","slug":"careta-para-proteccion-facial","status":"publish","type":"product","link":"https:\/\/unity.com.co\/tintas-y-barnices\/product\/careta-para-proteccion-facial\/","title":{"rendered":"Careta para protecci\u00f3n Facial"},"content":{"rendered":"<p>Consultor\u00eda T\u00e9cnica Celular: 3184492377<\/p>\n","protected":false},"excerpt":{"rendered":"<p>Careta personal flexible para protecci\u00f3n facial, frontal y lateral, con banda el\u00e1stica ajustable adecuada para el uso diario. Producto reutilizable.<\/p>\n","protected":false},"featured_media":2528,"comment_status":"closed","ping_status":"closed","template":"","meta":{"_joinchat":[]},"product_cat":[77],"product_tag":[],"class_list":["post-2527","product","type-product","status-publish","has-post-thumbnail","hentry","product_cat-utilitarios"],"_links":{"self":[{"href":"https:\/\/unity.com.co\/tintas-y-barnices\/wp-json\/wp\/v2\/product\/2527","targetHints":{"allow":["GET"]}}],"collection":[{"href":"https:\/\/unity.com.co\/tintas-y-barnices\/wp-json\/wp\/v2\/product"}],"about":[{"href":"https:\/\/unity.com.co\/tintas-y-barnices\/wp-json\/wp\/v2\/types\/product"}],"replies":[{"embeddable":true,"href":"https:\/\/unity.com.co\/tintas-y-barnices\/wp-json\/wp\/v2\/comments?post=2527"}],"wp:featuredmedia":[{"embeddable":true,"href":"https:\/\/unity.com.co\/tintas-y-barnices\/wp-json\/wp\/v2\/media\/2528"}],"wp:attachment":[{"href":"https:\/\/unity.com.co\/tintas-y-barnices\/wp-json\/wp\/v2\/media?parent=2527"}],"wp:term":[{"taxonomy":"product_cat","embeddable":true,"href":"https:\/\/unity.com.co\/tintas-y-barnices\/wp-json\/wp\/v2\/product_cat?post=2527"},{"taxonomy":"product_tag","embeddable":true,"href":"https:\/\/unity.com.co\/tintas-y-barnices\/wp-json\/wp\/v2\/product_tag?post=2527"}],"curies":[{"name":"wp","href":"https:\/\/api.w.org\/{rel}","templated":true}]}}

Careta para protección Facial

<p>Consultoría Técnica Celular: 3184492377</p>

<p>Careta personal flexible para protección facial, frontal y lateral, con banda elástica ajustable adecuada para el uso diario. Producto reutilizable.</p>
